= 185 + -162. Suppose 30*f = p*f + 238. Calculate the remainder when 124 is divided by f.
22
Let s(p) = -p**3 - 21*p**2 + 44*p - 10. Let u be s(-23). Suppose -35*y + 39*y - u = 0. Calculate the remainder when y is divided by 3.
0
Suppose 5 = 32*b - 91. Suppose b*f + 212 = 7*i - 2*i, 5*i - 192 = -2*f. What is the remainder when 357 is divided by i?
37
Let h be 2820/70 + 2/(-7). Let r = -8 - -13. What is the remainder when r is divided by (-24)/h*10/(-3)?
1
Let f be 67/(4 + 24/(-8)). Suppose -f*j = -80*j + 546. What is the remainder when 150 is divided by j?
24
Suppose y - 2*k - 1196 - 452 = 0, -5*y + 8253 = 3*k. What is the remainder when y is divided by 274?
6
Suppose 19*m = 30*m - 121. Suppose 5 = -m*f + 104. Calculate the remainder when 26 is divided by f.
8
Suppose -2*j - 268 = z - 2*z, 4*z - 5*j - 1069 = 0. Let c be 48/(-264) - z/(-11). Calculate the remainder when 10 is divided by ((-32)/c)/((-8)/18).
1
Let l(q) = -q**3 - 10*q**2 + 8*q - 2. Let a be l(-11). Let r be (-9)/54 - (-1)/6. Suppose t + 19 - a = r. What is the remainder when 118 is divided by t?
10
Let w(h) be the second derivative of h**4/12 - 5*h**3/6 + 3*h**2 + 10*h. Let l be w(5). What is the remainder when ((-231)/132)/((l/88)/(-3)) is divided by 39?
38
Suppose -3*d + 0*o + 108 = -2*o, -5*d + o + 180 = 0. Let g = -2469 - -2518. Calculate the remainder when g is divided by d.
13
Let i = -7240 - -7446. Calculate the remainder when i is divided by 198.
8
Let b = -7826 - -8019. Calculate the remainder when b is divided by 86.
21
Let r(n) = 7*n + 27. Let p(g) = 2*g + 9. Let k(b) = -8*p(b) + 3*r(b). Calculate the remainder when 150 is divided by k(2).
17
Let m be ((-29352)/(-20))/(24/(-15) + 2). Suppose 30949 = 11*w + m. Calculate the remainder when w/65 + (-6)/39 is divided by 15.
8
Suppose -3*k - 3*x + 121 = -287, 4*k - 2*x - 556 = 0. Let c = 125 + k. What is the remainder when c is divided by 14?
11
Let p(o) = 61*o + 5. Let k = 112 - 88. Calculate the remainder when p(1) is divided by (k/20 - 3)*-10.
12
Let u = 3661 + -3650. Calculate the remainder when 1913 is divided by u.
10
Let z = -15 + 15. Suppose -2*s + 44 + 34 = z. Calculate the remainder when s is divided by (40/(-70))/(2/(-35)).
9
Let z = 155 + -128. Suppose 4*w = -4*m + 228, -2*m + 5*m = w + 155. Calculate the remainder when m is divided by z.
26
Suppose 82 = 3*m - 2*s, -18 = -m - 18*s + 14*s. Calculate the remainder when 413 is divided by m.
23
Suppose 0 = -22*t + 4*t + 13320. Suppose t = 5*s + 5*h, -5*s - h + 386 = -354. What is the remainder when s is divided by 30?
28
Let p(c) = -15*c + 79. Let x be p(5). Suppose -12*g + x*g = -96. Calculate the remainder when g is divided by 5.
2
Let a be ((-204)/85)/(9/30). Let z(n) = -n**2 - 24*n - 11. Suppose 5*b + 2*j = 85, -5*b + 3*j + j = -55. Calculate the remainder when z(a) is divided by b.
12
Let o be (4 + -2)/(-1)*-2. Suppose 0 = -4*u + 3*y + 69, o*u + 2*y - 8 = 46. Calculate the remainder when 23 is divided by u.
8
Suppose -8*z + 7*z = 203. Let r = 337 + z. What is the remainder when r is divided by 53?
28
Suppose -8*q + 307 = 11. What is the remainder when 146 is divided by q?
35
Suppose 0 = 5*j - 4*h + 655, -3*j = 2*h - h + 410. Let y = j - -176. What is the remainder when y is divided by 9?
5
Suppose 0 = -116*u + 1015 + 516 + 673. Calculate the remainder when 373 is divided by u.
12
Let v(h) = -h**3 - 6*h**2 + 10*h - 17. Let k(t) = 3*t**3 + 18*t**2 - 29*t + 49. Let q(u) = 3*k(u) + 8*v(u). Calculate the remainder when 41 is divided by q(-7).
8
Let p be 15/6*(-54)/(-45). Suppose -3*h = 12, 2*o - h = p*o - 7. Calculate the remainder when 34 is divided by o.
1
Suppose 2*y = -3*q + 10327, 28*y = 24*y - 5*q + 20655. Calculate the remainder when y is divided by 126.
125
Let u = -6091 - -6138. Calculate the remainder when 978 is divided by u.
38
Suppose 0*l + 3*l - 63 = -3*c, c - 78 = -4*l. Let d be ((-1620)/126)/(2/(-14)). Suppose 0 = -o + d + 2. What is the remainder when o is divided by l?
16
Suppose 22*z + 9 = 25*z. Suppose 2*i = 5*p + 58, -z*i + 80 = -0*p - 4*p. Calculate the remainder when 43 is divided by i.
19
Let b(n) = -n**2 - 54*n - 6. Let w be b(-10). Suppose 0 = 31*a - 17*a - w. What is the remainder when 213 is divided by a?
27
Suppose 0 = 18*y - 19*y - n + 8, n + 12 = 4*y. Suppose -o = -2*z - 20, 18*o + 100 = 22*o - y*z. Calculate the remainder when o is divided by (0 + -1)/((-2)/10).
0
What is the remainder when 3240 is divided by 642/10 - -14*(-28)/(-490)?
55
Let f be (-16)/(11/(154/4)). Calculate the remainder when 28 is divided by (-1)/(-22)*-2 - f/11.
3
Suppose -11*a - 14002 = -14*a - 5*k, -2*k + 14014 = 3*a. What is the remainder when a is divided by 7?
5
Let s be (24 + -29)*2/(-5). Let l(c) = 11 + 13 - 40 - s*c. Calculate the remainder when l(-21) is divided by 6.
2
Suppose 3*z = -3*q + 270, 165 = -z + 3*z - q. Calculate the remainder when z is divided by 2.
1
Suppose 0 = 4*i - 5*f - 1625, -17*i + f + 406 = -16*i. What is the remainder when i is divided by 58?
57
Suppose 4*i = -0 + 20. Suppose -i*u + 668 - 208 = 0. Let g = 564 - 548. Calculate the remainder when u is divided by g.
12
Suppose -5*w + 4*w - c = -21, 2*w - 38 = -c. Let i = 49 + w. Calculate the remainder when i is divided by (-1*2 + -21)/(-1).
20
Suppose -5*b = 4*u - 0*u - 180, 4*b + 2*u = 138. What is the remainder when 213 is divided by ((-43)/(-3))/(b/96)?
41
Suppose 0 = -5*h + g + 151, 2*h + 4*g = -h + 109. Calculate the remainder when (111/(-296) - (-37)/(-8)) + 155 is divided by h.
26
What is the remainder when 2806 is divided by ((6/(-105))/(40/(-7200)))/((-2)/(-21))?
106
Let r(w) be the first derivative of 29*w**2/2 - 10*w + 1. Suppose 0 = 11*h - 6*h + 4*y - 40, 3*h = 3*y - 3. Calculate the remainder when r(h) is divided by 36.
34
Let z = -8284 + 12147. What is the remainder when z is divided by 168?
167
Suppose 5*l - 17 = 271*p - 267*p, 0 = -3*p + 4*l - 15. Let d be -1 + 2 - -1 - 10. Let z = 26 + d. What is the remainder when z is divided by p?
4
Suppose 0 = -3*k + 8 - 2. Suppose 7*h + 10 = k*h. Let t(c) = -5*c**3 - 2*c**2 + 2*c. Calculate the remainder when t(h) is divided by 11.
6
Suppose 0 = -0*o + 2*o - 62. Suppose 0 = -273*t + 44171 + 48649. What is the remainder when t is divided by o?
30
Suppose -17 = -9*r + 1. Let o be r/17 - (-2021)/17. Let p = o - 51. Calculate the remainder when p is divided by 14.
12
Suppose 7*s - 88 = -11. Suppose 0 = -2*p - 4 + 8. Suppose p*h - 15 = s. What is the remainder when 77 is divided by h?
12
Let i be 5*5/25 + -3. Let t(g) = 9*g + 74. Let r be t(-8). What is the remainder when 20 is divided by (13 + -15)*r/i?
0
Suppose -53 - 619 = -9*i + 3*d, -d = 4*i - 315. Suppose -4*v + r = -49, 4*v - r + 3*r - 58 = 0. What is the remainder when i is divided by v?
12
Calculate the remainder when 2*353 + (-238 - -222) is divided by 684.
6
Let q(d) = -28*d + 1138. Calculate the remainder when 1031 is divided by q(36).
121
Suppose -9*o = -7*o - 8. Suppose o*t + 3510 = 43*t. Calculate the remainder when t is divided by 7.
6
What is the remainder when 5262 is divided by (-2 + 0)*(-13)/(-260)*-170?
9
Let r = 37 - 22. What is the remainder when (-5 + 0)*(0 - 5) is divided by (78/r*-1)/((-4)/10)?
12
Let r = -50 + 112. Let w(q) = -q**2 + 11*q - 17. Let g be w(8). Suppose -o + 5*s = -12, 9 = o - s - g. Calculate the remainder when r is divided by o.
11
Suppose -4*a - 21*f + 16*f + 1443 = 0, -4*f + 1083 = 3*a. Calculate the remainder when a is divided by 26.
19
Let p(d) = -4667*d - 9287. Calculate the remainder when 33*1*(1 + 4) is divided by p(-2).
24
Let i(v) = 2*v**2 - v - 8. Let q(x) = 3*x - 17. Let b be q(8). Let z be i(b). Let u = 92 - z. Calculate the remainder when 29 is divided by u.
2
What is the remainder when 379 is divided by 694*(-16)/(-56)*3*(-14)/(-24)?
32
Suppose -3*o - 2 = q, -11*o + q + 2 = -6*o. Suppose o = -11*a + 23*a - 36. Let l = -62 - -87. What is the remainder when l is divided by a?
1
What is the remainder when 789 is divided by 2*5*12/(-45)*60/(-2)?
69
Suppose -4*t - z - 380 = 0, 5*t - 5*z = 252 - 752. Let r = t + 175. Let f = 123 - r. What is the remainder when f is divided by 23?
21
Let p(b) = 138*b + 14. Let m be p(2). Calculate the remainder when (m - -2) + 3 + (-2 - -2) is divided by 30.
25
Suppose 25*t - 8*t - 1683 = 0. What 